 + 10. Give o(a).
-8
Let o = 132 + -97. Let d be -2*60/(-1*3). Let a = o - d. Let p(v) = v**3 + 4*v**2 - 2*v - 2. What is p(a)?
-17
Let g(h) = -h + 3. Let v be (-2)/(-11) + (-7540)/(-638). Give g(v).
-9
Let p(l) = l**2 - 13*l + 23. Let w = 1235 - 1224. Give p(w).
1
Let x(s) be the second derivative of -s**3/6 + s**2 - s. Let q = -45 + 12. Let b be 5 - q*2/(-6). Calculate x(b).
8
Let w(p) = p**3 + 2*p**2 - p + 3. Let o = -341 + 338. Calculate w(o).
-3
Let p(o) be the first derivative of -3*o**6/40 - o**4/12 - o**3/6 - 2*o**2 - 17. Let r(b) be the second derivative of p(b). Give r(-1).
10
Let l(b) = -3*b - 3. Let j(r) = r**2 + r - 3. Let u be j(-3). Let z = u - 0. Determine l(z).
-12
Let o = 4 - 1. Suppose -o*n = 3*w - n + 10, -4*w + 5*n - 21 = 0. Let p(y) be the second derivative of -y**4/12 - 5*y**3/6 - 3*y**2 + y. What is p(w)?
-2
Let y(o) = -o**3 + 306*o**2 + 6 + 303*o**2 - 3*o - 617*o**2. Determine y(-8).
30
Let w(g) = g**2 - 14*g + 1. Suppose -36 = -4*d - 4*a, 0 = 4*d + 10*a - 9*a - 48. Give w(d).
-12
Let p(a) = -2*a**2 - 6*a + 6. Let v(l) = l**3 - 17*l**2 + 14*l + 27. Let w be v(16). What is p(w)?
-14
Let m(q) = q + 7. Let w be ((-6)/3)/(-2)*-6. Let n be m(w). Let x(o) = 9*o - o - 5*o**2 + n - o**3 + 0*o**3. Give x(-6).
-11
Let j(v) = -2*v - 4. Let a(t) = 9*t + 25. Let z(d) = -a(d) - 5*j(d). Determine z(-2).
-7
Let f(o) = -12*o**2 - 5177*o + 2 + 3 - 4 + 5178*o. What is f(-1)?
-12
Let y(u) be the first derivative of 2*u**3/3 + 1. Suppose -44*g - 22 = 22. Determine y(g).
2
Let l(k) = 6*k - 4. Let j be ((-17)/(-4) + (-57)/(-76))/1. Determine l(j).
26
Let f(x) = x**2 + x + 16. Let d = -18 - -18. What is f(d)?
16
Let q = 65 - 45. Suppose -5*o - q = -3*f, 2*f + 5*o - 3 = 2. Let s(d) = 3*d + 3. Let z(l) = -2*l - 3. Let x(h) = -5*s(h) - 6*z(h). Calculate x(f).
-12
Let t = 746 - 754. Let g(l) = l + 10. What is g(t)?
2
Let x(k) = -4*k - 7 + 0*k + 3*k. Let m be 8/6 - 40/(-6). Let d(t) = t**3 - 8*t**2 - 2*t + 11. Let p be d(m). What is x(p)?
-2
Let g(w) = -w**2 - 10*w + 1. Let a(o) = -5*o**2 - 39*o + 3. Let t(y) = 2*a(y) - 9*g(y). Determine t(10).
17
Let f(p) = -6*p**3 + 2*p + 2. Suppose -2*d + 4 = -4*j, -2*d - 3 = -3*j + 6*j. Determine f(j).
6
Suppose -29*s = -26*s. Let m be 0 - (s + -1 + -1). Let y(k) = 2*k - 2. Calculate y(m).
2
Suppose 0 = 2*h + 15*r - 13*r + 2, -5*h - r = 9. Let z(n) = n**2 - n - 1. What is z(h)?
5
Let u(z) be the second derivative of 1/2*z**3 + 1/4*z**4 - 3*z + 2*z**2 + 1/20*z**5 + 0. Suppose -4*d = -2*j + 14, -3*d = -0*d - 3*j + 12. Determine u(d).
-5
Let f(l) = 11*l - 15. Let c(y) = 3*y - 3. Let p(g) = -9*c(g) + 2*f(g). Calculate p(-6).
27
Let x(z) = z - 2. Let l = 2 + 3. Let j = -5 + 7. Suppose l*d - 13 - j = 0. What is x(d)?
1
Suppose -l - 3 = -4*g - 23, 4*l = g + 20. Let j(d) = -926*d**2 + 462*d**2 + 5*d + 463*d**2. Give j(l).
4
Let n(f) = 2*f - 14. Let d be n(4). Let z be (13 + -14)/((-2)/d). Let q(o) be the third derivative of o**4/8 + o**3/2 - o**2. Give q(z).
-6
Let b(s) = s - 2*s**2 - 198*s**3 - 191*s**3 - 1 + 388*s**3. What is b(2)?
-15
Let w(z) = z**3 - 5*z**2 + 2*z. Suppose 3*a - 11*h - 7 = -16*h, 4*a - 2*h - 18 = 0. Determine w(a).
-8
Let k(d) = 3*d**3 + 2*d**2 + 3*d - 6. Let q(g) = -3*g**3 - 3*g**2 - 4*g + 8. Let f(j) = -4*k(j) - 3*q(j). What is f(-2)?
28
Let w be (4 + (-30)/6)*9/3. Let t(y) = -2*y + 1. Determine t(w).
7
Let s(z) = 2*z**2 - 2*z**2 + z**3 - 4*z**2 + 3*z - 5 - z. Suppose 10*l - 9*l = 4. What is s(l)?
3
Let y(l) be the third derivative of -l**6/120 + 3*l**5/20 + l**4/3 + 4*l**3/3 - 13*l**2 - 1. What is y(10)?
-12
Let z be (0 - -4)*(45/12 - 2). Let b(o) = o**3 - 6*o**2 - 7*o - 2. Calculate b(z).
-2
Let l(f) = f**2 + 3*f - 1. Let i(n) be the first derivative of 5 + 5 + n - 3. Let y(u) = 4*i(u) - l(u). What is y(-4)?
1
Let g(q) = -50*q**2 - 6*q - 38*q**2 + 87*q**2 + 3. What is g(-6)?
3
Let c(t) = -t**2 - 4*t + 2. Let i(a) = 44*a - 4. Let d be i(6). Let z be d/(-15)*6/(-4). Suppose -3*l = v + 1 + 2, 5*v + z = -4*l. Determine c(v).
-10
Let a(d) be the second derivative of 0 - 1/12*d**4 - 5*d - 1/2*d**2 - d**3. Let r be (-204)/33 + (-4)/(-22). Determine a(r).
-1
Let j(x) = -3*x**2 - 14*x + 8. Let n(m) = m**2 + 3*m + 1. Let i(r) = -j(r) - 2*n(r). Determine i(-6).
-22
Suppose 4 = -3*i - 2. Let w = i + 9. Let x(t) = 241*t + 2*t**2 + t**3 + w - 240*t - 8*t**2. Calculate x(6).
13
Let z(q) = -q**2 + 6*q + 5. Let g = -32 + 39. Determine z(g).
-2
Let r(c) = -c - 15. Let k be r(-26). Suppose 4*m - 50 + 6 = -3*h, -k = -m - h. Let a(y) = y**2 - 11*y - 7. Determine a(m).
-7
Let p(k) = 46*k**3 - 45*k**3 - 16*k**2 - 6 - 5 + 16*k. Let w be p(15). Let f(m) = m**3 - 3*m**2 - 6*m + 2. Determine f(w).
-6
Let n(z) = 38*z**3 - 4*z**2 + 16*z - 14. Let c(p) = 19*p**3 - 2*p**2 + 9*p - 8. Let a(t) = 7*c(t) - 4*n(t). Give a(1).
-18
Let f(w) = w**2 + 10*w - 7. Suppose 263*v + 84 = 256*v. What is f(v)?
17
Let h(l) = 3 - 5*l + 6*l**2 + 611*l**3 + 0*l**2 - 613*l**3 + 0*l**2. What is h(4)?
-49
Let p(k) = k**3 + 6*k**2 + 6*k. Suppose 5*j = 0, -2*m + 5*j = 2 + 8. Calculate p(m).
-5
Let b(i) be the third derivative of -i**6/120 + i**5/15 - i**4/8 + i**3/2 + 10*i**2 - 3*i. Determine b(3).
3
Suppose -72 = -2*i - 2*l - 22, 4*i = 5*l + 64. Let z be (-1)/(((-12)/i)/(-4)). Let q(r) = r**2 + 8*r + 5. Give q(z).
-2
Let u(t) be the third derivative of t**4/12 - 5*t**3/6 + 20*t**2. Let y(v) = 12*v - 44. Let a be y(4). Give u(a).
3
Let l(w) be the third derivative of -w**4/12 - 13*w**3/6 + 4*w**2. Let i = -326 + 316. What is l(i)?
7
Let r(j) = j**2 - 3*j + 4. Suppose 0 = -g + 5*x - 27, 12 = 5*g - g + 4*x. Let m(k) = -4*k - 5. Let a be m(g). What is r(a)?
4
Let b(y) = -15*y**3 + 13*y**2 - 6*y - 3. Let d(f) = 2*f**3 - f**2 + 2*f - 1. Let z(h) = b(h) + 7*d(h). Give z(7).
-3
Let p(h) = -13*h + 2500*h**2 - 15 - 5007*h**2 + 2508*h**2. What is p(14)?
-1
Let d(z) = z**3 - 2*z - 1. Let o(y) = 22*y + 20*y - 49*y - 4*y**2. Let q be o(-2). Calculate d(q).
-5
Let a(d) = 6*d - 5. Let y = -80 + 85. Determine a(y).
25
Let i(f) be the second derivative of f**3/2 + 9*f**2 - 4*f. Let k(n) = n + 1. Let h(j) = i(j) - 4*k(j). Suppose -5*q = -4*r + 10, r = q + 1 + 1. Calculate h(r).
14
Suppose 185 = 35*g - 60. Let p(n) = n - 8. Determine p(g).
-1
Let q(f) be the second derivative of f**4/12 - f**3/3 - 3*f**2/2 - f. Let n = -763 + 767. Give q(n).
5
Let a(n) = 3*n**2 - 20*n - 5. Let z be a(7). Let x(t) = -10 - 4*t + 2*t + 8 + 0*t. What is x(z)?
-6
Suppose 4*i = -h + 47, -3*h = 5*i + h - 67. Let x(v) = -11 + i*v + 9 - 3*v**2 - 16*v. Calculate x(-3).
-14
Let w(b) = b**2 + 70*b - 292. Let c be w(4). Let h(s) = 2*s - 8. Give h(c).
0
Let r(x) = -x**2 - 6*x - 2. Let k be r(-4). Let j(s) be the second derivative of s**5/20 - s**4/2 - s**3/3 + s**2 + 370*s. What is j(k)?
-10
Let o(c) = c**2 - 4*c - 7. Let u = -7 - -10. Suppose -u*z - 3*t + 9 = 0, -z - 3*t = 2 - 1. Determine o(z).
-2
Let f(v) = -v**2 + 4*v + 4. Let w = 36 - 33. Suppose -2*u + 2 = -2*s - w*u, 0 = s + 3*u - 4. Let o be s + 8/(-12)*-9. What is f(o)?
4
Let w(b) = -9 + 11871*b + b**3 - 11863*b + 0 + 12*b**2 - 4*b**2. Give w(-6).
15
Let g(h) = 3*h**2 + 8*h + 15. Let a(q) = -q**2 + q - 1. Let v(d) = -2*a(d) - g(d). Calculate v(-9).
-4
Let i(f) be the second derivative of -f**5/5 + f**4/12 + f**3/6 + 21*f + 4. Calculate i(2).
-26
Let u = -2 - -3. Let b(h) = h**3 + h + 1. Let j(r) = 7*r**3 - 4*r**2 + 6*r + 7. Let x(v) = u*j(v) - 6*b(v). Calculate x(3).
-8
Let o be (0 + -6 - -1)*-1. Suppose -4*j + 21 = o. Let i(d) = -d**3 - 3 + 0*d**3 + 3*d**2 + 14*d - 17*d + 7*d. What is i(j)?
-3
Let t(g) = g**3 + 5*g**2 + 3*g. Let l(h) = -6*h - 1. Let y(b) = -3*b - 1. Let w = 34 - 37. Let f(n) = w*l(n) + 7*y(n). Let z be f(0). What is t(z)?
4
Let x be 16/7 - (-8)/(-28). Let d(b) be the second derivative of -b**5/20 + b**4/12 + b**3/3 + b**2/2 + 11*b. Calculate d(x).
1
Let t(z) = 8*z - 2 - 4*z + z**2 + 0*z - 3. Give t(-6).
7
Let a(f) = -6*f**2 + f. Suppose 2*i = 5*u - 8, -4*u + 3*i = 2*i - 7. Suppose 0 = -2*q + u - 4. Give a(q).
-7
Let w(j) = j**2 - 10*j + 9. Let l(f) = -f**2 + 7*f - 4. Let t be l(3). Give w(t).
-7
Let n(r) = r**2 - 4*r - 2. Let q be n(5). Suppose -o = 3*y - 6*y - 10, -18 = 5*y - q*o. Let j(m) be the first derivative of -2*m**2 - m - 4458. Calculate j(y).
11
Let z(w) = -7*w**2 - 7*w - 4. Let y(h) = h**2 + h + 1. Let n(d